is the highest common factor of t and d?
16
Let o be (0 - 5)/((-4)/12). Suppose -25*w - 121 = -26*w. Suppose -r + 136 = w. Calculate the greatest common factor of o and r.
15
Suppose 2*o + 0*o = 0. Suppose o = -4*q - q - 40. Let p be ((-48)/10)/(q/60). Calculate the highest common factor of p and 324.
36
Suppose -185*k = -284529 - 128391. Calculate the highest common factor of 168 and k.
24
Suppose -4*l - 21 = 5*b, 4*b + 0*b = -20. Let d be ((-10)/2 - -8)/l. Suppose r - 4 = 5*r, -4*o + 2*r + 38 = 0. What is the highest common divisor of d and o?
3
Suppose -6384 = -1468*b + 1438*b - 2184. Let x = -69 + 137. Let n = x + -40. What is the highest common factor of b and n?
28
Let p(x) = -x**3 + 8*x**2 - 5*x. Let o be p(6). Let b = -30 + o. Let u be ((-152)/114)/(1/(-108)). What is the greatest common factor of b and u?
12
Let i be (10/4)/(11 - (-26672)/(-2432)). What is the highest common divisor of i and 817?
19
Let k be -119*1 - (-2 - -3). Let c(g) = -g**2 - 42*g + 506. Let y be c(11). Let m = y - k. Calculate the highest common divisor of m and 344.
43
Suppose 5*t - 16 = t + 4*w, -2*w = 0. Suppose 4*a - 5*a = t*i - 2951, -3*a = -2*i + 1465. Calculate the greatest common factor of 67 and i.
67
Let k be (16/(-12))/((-24)/36). Let h be ((-8)/12 + k)*18. Suppose -10 = -2*a + 2. What is the highest common divisor of a and h?
6
Let k be (9 - 1)/(11/198). Calculate the highest common factor of 16 and k.
16
Let c be (-6)/((-7 + -4)/11). Suppose 2*s + 2 = -8. Let p(i) = -i**2 - 4*i + 7. Let q be p(s). What is the greatest common divisor of c and q?
2
Let l = 826 + -811. Let z = -28 + 24. Let o(a) = -5*a - 5. Let d be o(z). Calculate the highest common divisor of l and d.
15
Suppose -38*s + 35*s - 138 = -3*v, 5*s - 10 = 0. Suppose -5*t + 859 = -821. What is the highest common factor of t and v?
48
Suppose -72 = 27*k - 17*k - 16*k. Calculate the greatest common factor of k and 36.
12
Let b = -20309 - -20369. Calculate the greatest common factor of b and 2910.
30
Let y be (1/(-4))/(5/(-280)). Suppose 3*k + y*d - 272 = 15*d, -4*d - 269 = -3*k. What is the highest common divisor of 26 and k?
13
Let c = -2996 + 3112. Calculate the greatest common divisor of 5887 and c.
29
Suppose -2066 = 8*o - 5042. Calculate the greatest common divisor of o and 96.
12
Let p(t) = 2 - 20 - 5*t**2 - t**3 + 19*t**2 - 7*t + 0*t**3. Let f be p(13). Suppose -4*i = -9*i + f. What is the highest common divisor of i and 24?
12
Let d(x) = 2*x - 29. Let v be d(18). Suppose 11 = 9*n - v. Suppose -n*r = -315 - 243. What is the greatest common divisor of r and 31?
31
Let f(v) = 40*v + 2036. Let l be f(-50). What is the highest common factor of 603 and l?
9
Let j(t) = 10*t**2 + 78*t - 289. Let a be j(5). Calculate the greatest common factor of a and 975.
39
Let w = 2144 + -644. What is the highest common divisor of 60 and w?
60
Let b(g) = -g**3 + 28*g**2 - 152*g - 20. Let m be b(19). What is the greatest common divisor of m and 297?
11
Let k be 359 - 56 - 11/1. What is the greatest common factor of 511 and k?
73
Suppose -212 = -2*h - 2*i, 5*h - h - 5*i = 442. Let g be 5/15*h/2. What is the greatest common divisor of g and 90?
18
Let o = -665 + 913. Calculate the greatest common divisor of 8 and o.
8
Let i = 82702 - 33002. Calculate the highest common factor of i and 25.
25
Suppose 16 = 2*q + 5*s - 10*s, 24 = 3*q + 2*s. Suppose 3*k + 85 = 3*x + q*k, -4*k = -4*x + 156. Calculate the highest common factor of x and 490.
35
Let r be (-8 + 13)*426/15. Suppose -5*b + 297 + 2188 = 0. Calculate the greatest common divisor of b and r.
71
Suppose 0 = -16*u + 36244 + 4428. What is the greatest common factor of 62 and u?
62
Let c = 981 + -1770. Let w = 797 + c. Suppose 0*p + 72 = p. Calculate the highest common divisor of p and w.
8
Suppose 14*n = 108 + 57 + 101. What is the highest common factor of 3914 and n?
19
Let f = 3030 + -2994. What is the highest common divisor of 1836 and f?
36
Let y = 19546 + -8219. Calculate the highest common divisor of 47 and y.
47
Let r(c) = c**3 - 18*c**2 + 33*c + 3. Let b be r(17). Let f = 436 - b. Calculate the greatest common divisor of 46 and f.
23
Let z = 1116 + -255. Suppose -73*d + z = -66*d. What is the greatest common factor of d and 82?
41
Let m(g) = -5*g**2 - 45*g + 6. Let o be m(-9). Suppose o*b - 369 = -189. What is the greatest common divisor of b and 190?
10
Let o = -215 + 212. Let w be ((-210)/25)/(o/10). Calculate the highest common divisor of 28 and w.
28
Let y be ((-12)/30)/((-1)/(-10)). Let g be y/(-22) + ((-1080)/(-22))/5. Calculate the greatest common factor of g and 2.
2
Suppose 43 = 4*g + 3*j, -4*g = -3*j - 2*j - 3. Let n be 3/(g/(-672)*(-9)/2). Calculate the greatest common divisor of 104 and n.
8
Suppose -12258*d - 9300 = -12318*d. Suppose -4*s + 33 = 5*y, 3*s - 21 = -2*y - y. What is the greatest common divisor of d and y?
5
Let v(g) = -3*g - 13. Let w be (-4 + 1 - -23)*1/4. Suppose 0 = 3*h - 12, -w*r + 3*r = -h + 18. Let z be v(r). What is the greatest common factor of 2 and z?
2
Let t(m) = -7*m**3 - 18*m**2 + 15*m + 40. Let x be t(-4). What is the greatest common factor of 115 and x?
5
Let r(n) = 9*n**2 - 6*n + 1064. Let h be r(0). Calculate the greatest common divisor of 252 and h.
28
Let n(g) = -10*g + 1190. Let v be n(86). What is the highest common divisor of v and 1110?
30
Let l = -90 + 24. Let a be (18/(-6))/(9/l*1). Let h = 8 + a. Calculate the highest common factor of 6 and h.
6
Let x(n) = n**3 + 3*n**2 - 8*n + 9. Let j be x(-6). Let m be (j/6)/((-2)/12). Let w be (-1 + 6)*34/10. What is the greatest common divisor of w and m?
17
Let z = 975 - 961. Let u(g) = 99*g - 54. Let r be u(12). Calculate the highest common factor of z and r.
14
Let q = -136 - -130. Let r be ((-116)/8 + 4)/(q/12). What is the highest common divisor of 3 and r?
3
Let f(v) = 2*v**2 - 96*v + 594. Let x be f(6). Suppose 5*a + 35 = s, -2*s = -3*a - 24 - 25. What is the highest common divisor of x and s?
10
Suppose 7469*g - 7455*g - 3934 = 0. What is the highest common factor of 1 and g?
1
Suppose -2*b = -b - 19. Let r(a) = -a**3 - 10 - 17 - 20*a**2 + 28*a + 2*a**3. Let n be r(b). Calculate the highest common factor of n and 16.
16
Let w(m) = m**3 + 22*m**2 + 20*m - 26. Let k be w(-21). Let i be (-342)/k*(-80)/(-32). What is the highest common divisor of 38 and i?
19
Let p(i) = i**2 - 4*i - 3. Let g be p(5). Suppose 3*h - 8 = h. Suppose 4 = q - h. What is the greatest common factor of q and g?
2
Let t(c) = c**3 - 60*c**2 + 57*c + 254. Let i be t(59). Calculate the greatest common factor of i and 344.
8
Suppose -4*a + 552 = -a. Suppose -2*g - 82 = -4*d, -5*g + 62 + 32 = 3*d. Calculate the highest common factor of d and a.
23
Suppose -2*g - 6 = -4*g. Suppose -82 = -g*z + 44. Let d be (-6)/(-9) - 40/(-3). What is the greatest common divisor of z and d?
14
Suppose -j = -3*i + 53, -j - 71 = -4*i - 0*j. Suppose g - 4*g = -3*d + 45, 2*d + g = i. What is the highest common divisor of d and 187?
11
Suppose 0*c = 3*c - 12. Suppose -3*x - m = -2*x + 4, -4 = -c*x + m. Suppose 0 = 3*g - 3 + 9, x = 5*q - 5*g - 15. What is the highest common divisor of 7 and q?
1
Let z = 198 - 89. Let l = z - 55. Suppose 48 = 17*u - l. Calculate the greatest common divisor of u and 54.
6
Suppose -58 = 10*m - 18. Let p be 1 + (4 + m)/(8/4). What is the highest common factor of p and 9?
1
Suppose -4*m + 6*m - 56 = 0. Let p(r) = 62*r + 4536. Let x be p(-70). Calculate the greatest common divisor of x and m.
28
Suppose -199 = 2*z + i, 13 = -2*z + 3*i - 198. Let f = 283 - z. What is the highest common divisor of 12 and f?
12
Suppose 14 = 2*x - 3*d + 4*d, 4*d = -x. Let k(t) = -15*t**2 - 138*t + 796. Let g be k(4). Calculate the greatest common divisor of x and g.
4
Let m = -2923 - -2943. Let z(p) be the second derivative of 41*p**3/6 - 2*p**2 + 5*p. Let a be z(4). What is the highest common factor of m and a?
20
Suppose 0 = g + 4*a - 64, a = 4*a - 9. Let h(n) = n**3 - 14*n**2 - 2*n + 41. Let w be h(14). What is the highest common factor of g and w?
13
Let l(a) = -6*a + 31 + 5*a - 5*a - 4*a. Let g be l(3). What is the greatest common factor of g and 1?
1
Let t(n) = n**3 + 26*n**2 + 60*n + 150. Let a be t(-16). Calculate the greatest common factor of a and 28.
14
Suppose -17*d = -d - 608. Let j = d + 5